{"id":2792,"date":"2021-12-12T08:01:11","date_gmt":"2021-12-12T16:01:11","guid":{"rendered":"http:\/\/catalogomexico500.unam.mx\/contenido\/?post_type=product&#038;p=2792"},"modified":"2021-12-12T09:29:54","modified_gmt":"2021-12-12T17:29:54","slug":"bernal-diaz-del-castillo-narrar-la-conquista-entre-volcanes","status":"publish","type":"product","link":"https:\/\/catalogomexico500.unam.mx\/contenido\/product\/bernal-diaz-del-castillo-narrar-la-conquista-entre-volcanes\/","title":{"rendered":"Bernal D\u00edaz del Castillo. Narrar la Conquista entre volcanes"},"content":{"rendered":"","protected":false},"excerpt":{"rendered":"<h4>V\u00edctor Castillo Aguilar<\/h4>\n<h5>Material de Lectura<\/h5>\n<h6>Direcci\u00f3n General de Publicaciones y Fomento Editorial<\/h6>\n<hr \/>\n<p><!--**** Rese\u00f1a ******--><br \/>\nLa vida y obra de Bernal D\u00edaz del Castillo son hilos esenciales que forman una urdimbre con las vidas y hechos de muchos hombres y mujeres del siglo XVI. Gracias a la Historia verdadera de la conquista de la Nueva Espa\u00f1a, una extensa cr\u00f3nica salida de la pluma de este castellano de Medina del Campo, tenemos una visi\u00f3n de las guerras de conquista desde la perspectiva de un soldado raso. Los hechos que marcaron su vida se buscan aqu\u00ed no s\u00f3lo en su obra, sino tambi\u00e9n en otros testimonios de su tiempo.<\/p>\n<hr \/>\n<p>&nbsp;<\/p>\n<p>2021 <!--**** A\u00f1o, edici\u00f3n y reimpresi\u00f3n: ******--><br \/>\n<strong>ISBN<\/strong>\t9786073051200<br \/>\n<strong>Formato <\/strong>Impreso <!--**** Formato Electr\u00f3nico ******--><br \/>\n<strong>Temas <\/strong> <!--**** Temas ******--><br \/>\nBernal D\u00edaz del Castillo, conquistador, Guatemala, P\u00e1nfilo de Narv\u00e1ez, Francisco Hern\u00e1ndez de C\u00f3rdova, Hern\u00e1n Cort\u00e9s, Jer\u00f3nimo de Aguilar, Gonz\u00e1lo Guerrero<\/p>\n<hr \/>\n<p>[lab_button title=&#8221;$40.00 | Impreso&#8221; type=&#8221;outlined-bg&#8221; link=&#8221;url:http%3A%2F%2Fwww.libros.unam.mx%2Fbernal-diaz-del-castillo-narrar-la-conquista-entre-volcanes-material-de-lectura-9786073051200-libro.html|target:_blank&#8221; css=&#8221;.vc_custom_1607259292472{background-color: rgba(0,0,0,0.01) !important;*background-color: rgb(0,0,0) !important;}&#8221;]<\/p>\n","protected":false},"featured_media":2746,"template":"","meta":[],"product_cat":[181,183,179,185,216,188],"product_tag":[],"_links":{"self":[{"href":"https:\/\/catalogomexico500.unam.mx\/contenido\/wp-json\/wp\/v2\/product\/2792"}],"collection":[{"href":"https:\/\/catalogomexico500.unam.mx\/contenido\/wp-json\/wp\/v2\/product"}],"about":[{"href":"https:\/\/catalogomexico500.unam.mx\/contenido\/wp-json\/wp\/v2\/types\/product"}],"wp:featuredmedia":[{"embeddable":true,"href":"https:\/\/catalogomexico500.unam.mx\/contenido\/wp-json\/wp\/v2\/media\/2746"}],"wp:attachment":[{"href":"https:\/\/catalogomexico500.unam.mx\/contenido\/wp-json\/wp\/v2\/media?parent=2792"}],"wp:term":[{"taxonomy":"product_cat","embeddable":true,"href":"https:\/\/catalogomexico500.unam.mx\/contenido\/wp-json\/wp\/v2\/product_cat?post=2792"},{"taxonomy":"product_tag","embeddable":true,"href":"https:\/\/catalogomexico500.unam.mx\/contenido\/wp-json\/wp\/v2\/product_tag?post=2792"}],"curies":[{"name":"wp","href":"https:\/\/api.w.org\/{rel}","templated":true}]}}