{"id":2635,"date":"2021-08-10T10:31:27","date_gmt":"2021-08-10T18:31:27","guid":{"rendered":"http:\/\/catalogomexico500.unam.mx\/contenido\/?post_type=product&#038;p=2635"},"modified":"2021-08-21T18:32:14","modified_gmt":"2021-08-22T02:32:14","slug":"la-peninsula-iberica-en-la-baja-edad-media","status":"publish","type":"product","link":"https:\/\/catalogomexico500.unam.mx\/contenido\/product\/la-peninsula-iberica-en-la-baja-edad-media\/","title":{"rendered":"La pen\u00ednsula ib\u00e9rica en la Baja Edad Media"},"content":{"rendered":"","protected":false},"excerpt":{"rendered":"<h4>Mart\u00edn R\u00edos Saloma<\/h4>\n<h6>Colecci\u00f3n M\u00e9xico 500<\/h6>\n<h6>Direcci\u00f3n General de Publicaciones y Fomento Editorial<\/h6>\n<p><\/p>\n<hr>\n<p>\nEn este volumen se ofrece de manera sintetizada una visi\u00f3n panor\u00e1mica de la evoluci\u00f3n pol\u00edtica, econ\u00f3mica y social de la pen\u00ednsula ib\u00e9rica a lo largo de los siglos XIV y XV, focalizando la atenci\u00f3n en el reinado de Isabel de Castilla y Fernando de Arag\u00f3n, mejor conocidos como los Reyes Cat\u00f3licos. Al conjugar la narraci\u00f3n de los principales acontecimientos pol\u00edticos con el an\u00e1lisis de los procesos hist\u00f3ricos y de las estructuras socioecon\u00f3micas, la obra se presenta como una ventana al universo del que proced\u00edan Hern\u00e1n Cort\u00e9s y sus contempor\u00e1neos; asimismo, busca despertar en el lector su curiosidad por este periodo de la historia para llevarlo, al mismo tiempo, a reconocer y valorar la matriz hispana de nuestra cultura.<br \/>\n<\/p>\n<hr>\n<p>\n1\u00aa ed. 2021, 80 pp.<br \/>\n<strong>ISBN<\/strong> 9786073046107<br \/>\n<strong>Formato<\/strong>\tImpreso<br \/>\n<strong>Temas <\/strong><br \/>\nReyes Cat\u00f3licos, Conquista de Espa\u00f1a, navegaci\u00f3n, Reino de Granada, musulmanes, Canarias, Antillas <\/p>\n<p><\/p>\n<hr>\n<p>\n[lab_button title=&#8221;$100.00 | Impreso&#8221; type=&#8221;outlined-bg&#8221; link=&#8221;url:http%3A%2F%2Fwww.libros.unam.mx%2Fla-peninsula-iberica-en-la-baja-edad-media-vol-3-9786073046107-libro.html|target:_blank&#8221; css=&#8221;.vc_custom_1607259292472{background-color: rgba(0,0,0,0.01) !important;*background-color: rgb(0,0,0) !important;}&#8221;]<\/p>\n<p>&nbsp;<\/p>\n","protected":false},"featured_media":2591,"template":"","meta":[],"product_cat":[181,183,179,185,187],"product_tag":[355],"_links":{"self":[{"href":"https:\/\/catalogomexico500.unam.mx\/contenido\/wp-json\/wp\/v2\/product\/2635"}],"collection":[{"href":"https:\/\/catalogomexico500.unam.mx\/contenido\/wp-json\/wp\/v2\/product"}],"about":[{"href":"https:\/\/catalogomexico500.unam.mx\/contenido\/wp-json\/wp\/v2\/types\/product"}],"wp:featuredmedia":[{"embeddable":true,"href":"https:\/\/catalogomexico500.unam.mx\/contenido\/wp-json\/wp\/v2\/media\/2591"}],"wp:attachment":[{"href":"https:\/\/catalogomexico500.unam.mx\/contenido\/wp-json\/wp\/v2\/media?parent=2635"}],"wp:term":[{"taxonomy":"product_cat","embeddable":true,"href":"https:\/\/catalogomexico500.unam.mx\/contenido\/wp-json\/wp\/v2\/product_cat?post=2635"},{"taxonomy":"product_tag","embeddable":true,"href":"https:\/\/catalogomexico500.unam.mx\/contenido\/wp-json\/wp\/v2\/product_tag?post=2635"}],"curies":[{"name":"wp","href":"https:\/\/api.w.org\/{rel}","templated":true}]}}

La península ibérica en la Baja Edad Media

<h4>Martín Ríos Saloma</h4>
<h6>Colección México 500</h6>
<h6>Dirección General de Publicaciones y Fomento Editorial</h6>
<p></p>
<hr>
<p>
En este volumen se ofrece de manera sintetizada una visión panorámica de la evolución política, económica y social de la península ibérica a lo largo de los siglos XIV y XV, focalizando la atención en el reinado de Isabel de Castilla y Fernando de Aragón, mejor conocidos como los Reyes Católicos. Al conjugar la narración de los principales acontecimientos políticos con el análisis de los procesos históricos y de las estructuras socioeconómicas, la obra se presenta como una ventana al universo del que procedían Hernán Cortés y sus contemporáneos; asimismo, busca despertar en el lector su curiosidad por este periodo de la historia para llevarlo, al mismo tiempo, a reconocer y valorar la matriz hispana de nuestra cultura.<br />
</p>
<hr>
<p>
1ª ed. 2021, 80 pp.<br />
<strong>ISBN</strong> 9786073046107<br />
<strong>Formato</strong>	Impreso<br />
<strong>Temas </strong><br />
Reyes Católicos, Conquista de España, navegación, Reino de Granada, musulmanes, Canarias, Antillas </p>
<p></p>
<hr>
<p>
[lab_button title=&#8221;$100.00 | Impreso&#8221; type=&#8221;outlined-bg&#8221; link=&#8221;url:http%3A%2F%2Fwww.libros.unam.mx%2Fla-peninsula-iberica-en-la-baja-edad-media-vol-3-9786073046107-libro.html|target:_blank&#8221; css=&#8221;.vc_custom_1607259292472{background-color: rgba(0,0,0,0.01) !important;*background-color: rgb(0,0,0) !important;}&#8221;]</p>
<p>&nbsp;</p>
