{"id":2190,"date":"2021-07-11T05:16:58","date_gmt":"2021-07-11T05:16:58","guid":{"rendered":"http:\/\/catalogomexico500.unam.mx\/contenido\/?post_type=product&#038;p=2190"},"modified":"2021-08-21T18:31:07","modified_gmt":"2021-08-22T02:31:07","slug":"los-conquistadores-de-mexico","status":"publish","type":"product","link":"https:\/\/catalogomexico500.unam.mx\/contenido\/product\/los-conquistadores-de-mexico\/","title":{"rendered":"Los conquistadores de M\u00e9xico"},"content":{"rendered":"","protected":false},"excerpt":{"rendered":"<h4>Manuel Orozco y Berra<\/h4>\n<h5>Presentaci\u00f3n de Ernesto de la Torre Villar<\/h5>\n<h6>Direcci\u00f3n General de Publicaciones y Fomento Editorial<\/h6>\n<h6>Colecci\u00f3n Peque\u00f1os Grandes Ensayos<\/h6>\n<p><\/p>\n<hr>\n<p>\nPara este volumen se seleccionaron textos del historiador y ge\u00f3grafo mexicano Manuel Orozco y Berra (1816-1881) que revelan la idea que se form\u00f3, tras concienzudas investigaciones y consultas de documentos, de la Conquista de M\u00e9xico y de sus hombres, de su genio y car\u00e1cter y tambi\u00e9n del resultado de ese encuentro entre dos grandes culturas: la ind\u00edgena y la espa\u00f1ola. Con gran claridad de miras y respetuosa atenci\u00f3n, narra ideas y finalidades de los conquistadores y sintetiza magistralmente el encuentro de culturas que cambi\u00f3 el destino del Nuevo Mundo.<br \/>\n<\/p>\n<hr>\n<p>\n2\u00aa reimp. de la 1\u00aa ed. 2017, 63 pp<br \/>\n<strong>ISBN\t<\/strong>9789703237371<br \/>\n<strong>ISBN Electr\u00f3nico<\/strong> 9786070238437<br \/>\n<strong>Formato\t<\/strong>Digital, Impreso<br \/>\n<strong>Temas<\/strong><br \/>\nHern\u00e1n Cort\u00e9s, Pedro de Alvarado, Moctezuma Xocoyotzin, Cuauht\u00e9moc, Tenochtitl\u00e1n<br \/>\n<\/p>\n<hr>\n<p><\/p>\n<p>[lab_button title=&#8221;$97.00 | Impreso&#8221; type=&#8221;outlined-bg&#8221; link=&#8221;url:http%3A%2F%2Fwww.libros.unam.mx%2Flos-conquistadores-de-mexico-9789703237371-libro.html|target:_blank&#8221; css=&#8221;.vc_custom_1607259292472{background-color: rgba(0,0,0,0.01) !important;*background-color: rgb(0,0,0) !important;}&#8221;]<\/p>\n<p>[lab_button title=&#8221;$39.00 | Digital&#8221; type=&#8221;outlined-bg&#8221; link=&#8221;url:http%3A%2F%2Fwww.libros.unam.mx%2Flos-conquistadores-de-mexico-9786070238437-ebook.html|target:_blank&#8221; css=&#8221;.vc_custom_1607259292472{background-color: rgba(0,0,0,0.01) !important;*background-color: rgb(0,0,0) !important;}&#8221;]<\/p>\n","protected":false},"featured_media":2578,"template":"","meta":[],"product_cat":[181,183,180,179,185,217,216],"product_tag":[],"_links":{"self":[{"href":"https:\/\/catalogomexico500.unam.mx\/contenido\/wp-json\/wp\/v2\/product\/2190"}],"collection":[{"href":"https:\/\/catalogomexico500.unam.mx\/contenido\/wp-json\/wp\/v2\/product"}],"about":[{"href":"https:\/\/catalogomexico500.unam.mx\/contenido\/wp-json\/wp\/v2\/types\/product"}],"wp:featuredmedia":[{"embeddable":true,"href":"https:\/\/catalogomexico500.unam.mx\/contenido\/wp-json\/wp\/v2\/media\/2578"}],"wp:attachment":[{"href":"https:\/\/catalogomexico500.unam.mx\/contenido\/wp-json\/wp\/v2\/media?parent=2190"}],"wp:term":[{"taxonomy":"product_cat","embeddable":true,"href":"https:\/\/catalogomexico500.unam.mx\/contenido\/wp-json\/wp\/v2\/product_cat?post=2190"},{"taxonomy":"product_tag","embeddable":true,"href":"https:\/\/catalogomexico500.unam.mx\/contenido\/wp-json\/wp\/v2\/product_tag?post=2190"}],"curies":[{"name":"wp","href":"https:\/\/api.w.org\/{rel}","templated":true}]}}